ts digit of l(16)?
9
Suppose 6*m + 2*q - 12 = 3*m, 0 = m - 4*q - 4. Suppose -u = m*u + 40. What is the units digit of (-2)/u + (-276)/(-48)?
6
Suppose -21 + 1 = -2*g. Suppose 3*z - 2*v - 13 = 2*z, v = z - g. Suppose 144 = z*a + 39. What is the units digit of a?
5
Suppose 0 = -40*q + 2412 + 468. Suppose 0 = z + 2*r - 332 - q, -2*r = 4*z - 1586. What is the tens digit of z?
9
Suppose -13*k = -25338 - 46903. What is the tens digit of k?
5
Let a be ((-1)/(-2) - -2)*594/165. Suppose a*q - 5*q + p = 535, 5*q - 685 = 2*p. What is the tens digit of q?
3
Suppose 0 = 315*u - 1588383 - 2135862. What is the thousands digit of u?
1
Let y(c) = 3*c**3 - 6*c**2 + 5*c - 29. Let f be y(6). Suppose -5*u = -b + f, 4*b = 7*b + 4*u - 1204. What is the units digit of b?
8
Let c(b) = -45 - 26 - 25 - 61*b + 12. What is the tens digit of c(-12)?
4
Suppose -u + 3*u = -3*f - 168, 3*u - 45 = f. Let t = f + 58. What is the units digit of t*1/((-12)/(-339))?
3
Let z(s) = -2295*s - 10656. What is the units digit of z(-6)?
4
Let i = -107 + 154. Suppose i = b - 139. What is the tens digit of b?
8
Let h(o) = o**3 + 35*o**2 - 110*o + 12. Let b(s) = -2*s**2 + 105*s - 89. Let t be b(52). What is the tens digit of h(t)?
4
Let h(s) = -12*s + 221. Let j be h(18). Suppose -4*p = j*m - 3066, -3*m - 5*p + 2651 = 801. What is the units digit of m?
0
Suppose -143*r - 115579 + 1384896 + 1455834 = 0. What is the hundreds digit of r?
0
Let w(o) = -8*o**2 + 37*o - 36. Let t be w(-20). What is the units digit of (12/14)/((-4)/t)?
2
Let s = -64 + -92. What is the hundreds digit of 839/1 + s/(-39)?
8
Let y(s) = 230*s + 392. What is the tens digit of y(12)?
5
What is the thousands digit of 12355/3*(-297)/(-165)?
7
Let k(v) = -v + 5. Let f be k(1). Suppose -i = -w + 172 + 97, -i = -f. What is the hundreds digit of w?
2
Let k be (13 - 2)/(9/(-6) - -1). What is the hundreds digit of (33/k)/((-6)/764)?
1
Suppose 0 = 70*h - 63*h - 1806. Let x = -151 + h. What is the hundreds digit of x?
1
Let o(n) = 4*n - 14. Let u be o(4). Let b be (-531)/(-6) - u/4. What is the hundreds digit of 16/b + 1109/11?
1
Let y(i) = -i**3 - 5*i**2 + 4*i + 13. Let w(u) = 8 + 3 - 3*u**3 + 5*u**3 - 3*u**3 + 17*u**2 + 17*u. Let k be w(18). What is the units digit of y(k)?
3
Suppose 2*w - 19 = -3*y, -2 = -3*w - 4*y + 24. Let h = 0 + w. What is the tens digit of (21/(-42))/(h/(-60))?
1
What is the units digit of 40/12*318108/140?
4
Suppose 4*p - 508 = 6*y - 5*y, y - 132 = -p. Suppose -p + 1052 = 4*v. What is the tens digit of v?
3
Suppose -2*v = 5*t - 90849, -493*t + 72647 = -489*t - 3*v. What is the tens digit of t?
6
Let y = 3353 - 1812. Suppose 52*q = 29*q + y. What is the tens digit of q?
6
Suppose -2*i - 42 = -4*w, -w - 25 = -3*w - 3*i. Suppose -15*b + w*b = -128. Suppose -b*y + 27*y = -625. What is the tens digit of y?
2
Let s be (58/(-14) - 12/(-84))*-1. Suppose -820 = -s*r + 1432. What is the tens digit of r?
6
What is the tens digit of (6468/60)/11*60?
8
Let s = 68 - 58. Suppose -16797 = -23*l - s*l. What is the tens digit of l?
0
Let i = -9400 - -21529. What is the hundreds digit of i?
1
Let t = -45244 - -75627. Suppose 22*h - t = 6973. What is the thousands digit of h?
1
Let p(r) = 828*r**2 - 14*r - 19. Let d be p(-2). Let z = d + -2150. What is the thousands digit of z?
1
Suppose -26*v = -23*v - 4014. Suppose 4*a = 2*t - v, -3*t + 576 = -3*a - 1437. What is the hundreds digit of t?
6
Let a be -4*1/(-4) - -3. Suppose a = -4*c, -994 = -5*l - 2*c - 241. What is the tens digit of l?
5
Suppose 8*z - 3*z = 5*d - 4225, -5*d + 3*z + 4215 = 0. What is the tens digit of (-11 + 10)*(1 - d)?
3
Suppose 140 = 5*j - 15. Let d(c) = 7 - 71*c + j*c + 33*c. What is the units digit of d(-6)?
9
Let o(u) be the third derivative of -u**4/4 - 11*u**3/3 + 3*u**2 - 24*u. Suppose -4*x - 3*b - 75 = 12, 3*x + 2*b + 66 = 0. What is the units digit of o(x)?
2
Suppose 0 = 78*v + 419695 - 2025403. What is the tens digit of v?
8
Suppose -57595 - 205029 = -16*l. What is the tens digit of l?
1
Suppose 16*h + h - 100740 = 336194. What is the tens digit of h?
0
Let p be 32*(-20 + 0/4). Let q = -312 - p. What is the hundreds digit of q?
3
Suppose -c = -2362 - 355. What is the hundreds digit of c/7 + (-8 - (-385)/49)?
3
Let m(n) = 84*n + 5. Let o be m(13). Suppose -6*d + 3*d = -2*k + o, -3*d - 2203 = -4*k. What is the hundreds digit of k?
5
Suppose 2*l = 4*g - 58, 5*g + 0*l - 80 = 5*l. Let i(s) = -s**3 + 2*s**3 - 2*s**3 - g*s**2 - 39 - 8*s + 24. What is the units digit of i(-13)?
9
Let y = 287 - 268. Suppose 3880 = 4*k + y*j - 16*j, 2903 = 3*k + 4*j. What is the units digit of k?
3
Suppose -v + 5*q = -17, -4*v = v - 4*q - 22. Let n(s) = 3 + 0*s + 12*s**2 + 5 + s - 4*s. What is the units digit of n(v)?
0
Let b(o) be the third derivative of -5*o**4/6 + 5*o**3 - 19*o**2. Let y be b(-9). Suppose 6*g - y = 4*g. What is the units digit of g?
5
Suppose -4*j + 2 = -74. Let r(c) = j + 3*c - 6*c + c**2 + 6 + c. What is the units digit of r(5)?
0
Let u be ((-21)/35)/(2/(-10)). Suppose -q - u*n + 8 = -n, 0 = -5*n + 20. Suppose g - 93 = 4*y, -5*y = 4*g - q*y - 477. What is the tens digit of g?
1
What is the hundreds digit of 6052/5*((-500)/225)/(8/(-36))?
1
Let f be 1 + -4*5 + -2. Let i = 174 + f. Suppose 5*h + 4*h = i. What is the units digit of h?
7
Let q(w) be the third derivative of -26*w**2 - 47/3*w**3 + 0 - 41/24*w**4 + 0*w. What is the tens digit of q(-9)?
7
Let v be 1/(-3)*3 - -6. What is the hundreds digit of 1/((-5)/(-905)) + v?
1
Let o(s) = 280*s - 1771. What is the units digit of o(22)?
9
What is the hundreds digit of (-2)/5*4*((-15727)/2 - -6)?
5
Let p = -49529 - -83754. What is the hundreds digit of p?
2
Suppose 0*d = 3*d. Let v(y) = -y**3 + y + 46 + 6 + 65 + 3 - 10. What is the units digit of v(d)?
0
Let o = 7 - 41. Suppose 4*p + 2*r = -160, -3*p + 160 = -7*p + 4*r. Let y = o - p. What is the units digit of y?
6
Let w(s) = -2*s**3 + 12*s**2 + 4*s - 18. Let n be w(6). Suppose 12*i = -n*i + 8604. What is the tens digit of i?
7
Let r(d) = 24*d + 10. Suppose 2*q + 3*q - 204 = -4*l, 3*q + 5*l = 125. Let g = q - 37. What is the tens digit of r(g)?
8
Let a be 10/(-4) - (10/(-4) - -3). Let k be (5 - 3) + (-12)/(a - 1). Suppose -q + 163 = k*x, 3*q + 5*x = -q + 592. What is the units digit of q?
3
Let q = -1 - -18. Let m = 47 - q. What is the units digit of (3/2)/(1/m)?
5
Let v(q) = 2*q**2 - 37*q - 9. Let d be v(22). What is the tens digit of 8/10 + 38309/d?
6
Let l be 13 + (-35)/7 - 1/(-1). What is the tens digit of 6357/l - 20/15?
0
What is the units digit of 6 - (184 + -171)/(((-2)/(-240))/(-1))?
6
Suppose 3160 = 144*d - 139*d. Suppose 6*x - 7*x = -5*t - d, 3*t = 3. What is the tens digit of x?
3
Let k(j) = -j**3 - 2*j**2 + 6*j + 14. Let u be k(-2). Suppose -2*y = 4*d - 2028, 3*d = -y + 4*d + 1026. Suppose 9*l - u*l = y. What is the hundreds digit of l?
1
Suppose s = 3*b - 56, -b - 2*b + 62 = -4*s. Let q = 52 - b. Suppose 1 = u, q = -a - 5*u + 262. What is the hundreds digit of a?
2
What is the tens digit of -1 + 309/(-3)*(13 - 204)?
7
Let u be 5*(0/6 + 25). Suppose u - 915 = -5*j. What is the units digit of j?
8
Let s(o) = -o**2 + o + 9. Suppose -5*a = j - 13 - 9, 0 = -5*j + 4*a - 6. Suppose -2 = 4*d - j. What is the units digit of s(d)?
9
Suppose -32*w + 24580 = -14908. Suppose c + 428 = w. What is the hundreds digit of c?
8
Suppose 4*v - 22 = 2. Suppose 95 = v*k - 7. Let p(w) = 3*w - 8. What is the tens digit of p(k)?
4
Suppose 37 = -n + 31. What is the units digit of 30*2/10*(n - -14)?
8
Let w = -228 - -803. Let t = 261 - 181. Suppose -t = -5*o + w. What is the tens digit of o?
3
Let c = -11 + 26. Suppose -41*k = -46*k + c. Suppose 2*f = -k*f + 580. What is the tens digit of f?
1
Let t = -8 - -11. Let k be (t + (-7 - -2))/((-3)/15). Suppose 1050 = -0*i + k*i. What is the units digit of i?
5
What is the tens digit of 5287 - (8 - 10)*2?
9
What is the units digit of 4464/90*(-50)/8*-22?
0
Let q = -56841 - -113211. What is the thousands digit of q?
6
Let l = 11342 - 5874. Suppose 3*a + 4*h = -h + 4101, 4*a - 4*h = l. What is the thousands digit of a?
1
Let p = -46 + 46. Suppose p*s + 6 = -6*s. What is the hundreds digit of (-86 - 0/s)*(4 - 6)?
1
Let a be (12/24)/(3/24). Let v be -45*(4/16*a)/(-1). Let h = -22 + v. What is the units digit of h?
3
Suppose 0 = 